
False
Is 12 a factor of 726551?
False
Does 7 divide 43118?
False
Is 4 a factor of 20468?
True
Does 93 divide 201362?
False
Does 9 divide 2145447?
True
Is 26 a factor of 204204?
True
Is 30 a factor of 1797060?
True
Does 32 divide 21906?
False
Does 167 divide 126419?
True
Is 6 a factor of 1866?
True
Is 1310066 a multiple of 17?
False
Is 214844 a multiple of 14?
True
Is 22297204 a multiple of 301?
False
Is 75081 a multiple of 87?
True
Is 8801832 a multiple of 8?
True
Is 301 a factor of 1170589?
True
Does 10 divide 1433557?
False
Is 102 a factor of 1132881?
False
Is 125562 a multiple of 102?
True
Is 392010 a multiple of 179?
True
Does 349 divide 7044921?
False
Is 19 a factor of 36227?
False
Is 3305015 a multiple of 35?
True
Is 33 a factor of 23170323?
True
Is 64 a factor of 897330?
False
Is 13 a factor of 5490216?
False
Does 17 divide 143117?
False
Does 158 divide 239619?
False
Is 12988101 a multiple of 166?
False
Is 107 a factor of 3501254?
True
Is 517 a factor of 8811157?
False
Is 756653 a multiple of 119?
False
Is 1553051 a multiple of 257?
True
Is 3 a factor of 577455?
True
Is 6010667 a multiple of 244?
False
Is 1074 a factor of 7210836?
True
Is 50350 a multiple of 95?
True
Is 915001 a multiple of 40?
False
Is 1034235 a multiple of 15?
True
Does 9 divide 1654560?
True
Is 132 a factor of 1299555?
False
Is 17 a factor of 143115?
False
Is 255 a factor of 70890?
True
Is 47742 a multiple of 6?
True
Is 10489840 a multiple of 5?
True
Does 922 divide 1092097?
False
Is 43 a factor of 20566?
False
Is 5 a factor of 1189805?
True
Does 9 divide 98039?
False
Does 3 divide 75758?
False
Is 113768 a multiple of 356?
False
Does 13 divide 218946?
True
Does 64 divide 8774080?
True
Is 53 a factor of 2387249?
False
Does 36 divide 2853528?
False
Does 201 divide 19567?
False
Is 1446 a multiple of 6?
True
Is 27 a factor of 401652?
True
Is 4 a factor of 86764?
True
Does 9 divide 11758749?
False
Does 57 divide 379239?
False
Is 44973 a multiple of 2?
False
Is 868140 a multiple of 28?
True
Is 1388598 a multiple of 209?
False
Does 466 divide 259225?
False
Does 57 divide 492939?
False
Does 2 divide 19286?
True
Is 4098178 a multiple of 7?
True
Does 54 divide 88722?
True
Does 9 divide 505439?
False
Does 19 divide 232484?
True
Is 148725 a multiple of 45?
True
Is 18 a factor of 30834?
True
Does 798 divide 5769418?
False
Does 50 divide 32650?
True
Does 16 divide 956832?
True
Is 5 a factor of 23386?
False
Is 34 a factor of 2753838?
False
Is 33 a factor of 6463188?
False
Does 44 divide 158884?
True
Does 525 divide 10390800?
True
Is 163936 even?
True
Is 22 a factor of 19294?
True
Does 18 divide 1447920?
True
Is 1930 a factor of 10407419?
False
Does 29 divide 218871?
False
Is 389613 a multiple of 7?
True
Is 3 a factor of 11757?
True
Does 3 divide 317932?
False
Is 946611 a multiple of 23?
True
Does 280 divide 2628080?
True
Is 116545 a multiple of 94?
False
Is 145299 a multiple of 259?
True
Is 24 a factor of 1064601?
False
Is 6100699 a multiple of 1397?
True
Does 21 divide 348852?
True
Does 11 divide 56782?
True
Is 146258 a multiple of 147?
False
Is 6 a factor of 35262?
True
Is 6 a factor of 94172?
False
Does 90 divide 504810?
True
Does 27 divide 616786?
False
Is 275983 a multiple of 37?
True
Is 7006366 a multiple of 1453?
True
Is 254 a factor of 143133?
False
Is 646920 a multiple of 40?
True
Is 27722 a multiple of 50?
False
Is 166 a factor of 1812222?
True
Is 320550 a multiple of 23?
False
Is 30 a factor of 651811?
False
Does 24 divide 3502105?
False
Does 247 divide 1461070?
False
Is 621 a factor of 1586655?
True
Is 775 a factor of 1126850?
True
Is 3517770 a multiple of 648?
False
Is 18 a factor of 213?
False
Does 64 divide 169216?
True
Does 121 divide 1621037?
True
Does 174 divide 764034?
True
Does 34 divide 95200?
True
Is 37 a factor of 2982275?
False
Is 329420 a multiple of 181?
True
Is 39852 a multiple of 82?
True
Is 249 a factor of 496091?
False
Is 1943253 a multiple of 17?
True
Is 6 a factor of 149229?
False
Is 193 a factor of 554296?
True
Is 367984 a multiple of 47?
False
Is 657718 a multiple of 94?
True
Does 21 divide 734811?
True
Is 1389424 a multiple of 37?
True
Is 235200 a multiple of 175?
True
Is 837235 a multiple of 82?
False
Is 183222 a multiple of 54?
True
Is 18 a factor of 1916651?
False
Is 155838 a multiple of 38?
True
Does 62 divide 2123004?
True
Is 6122601 a multiple of 17?
True
Does 168 divide 12481?
False
Is 7040 a multiple of 10?
True
Is 186108 a multiple of 13?
True
Does 419 divide 15037905?
False
Is 65 a factor of 110191?
False
Is 473 a factor of 255893?
True
Is 4 a factor of 49204?
True
Does 13 divide 171678?
True
Is 108865 a multiple of 162?
False
Is 51633 a multiple of 11?
False
Is 2902403 a multiple of 7?
True
Is 4 a factor of 89824?
True
Is 1754596 a multiple of 4?
True
Does 128 divide 121600?
True
Is 20 a factor of 3135685?
False
Is 29 a factor of 273777?
False
Is 86 a factor of 1283917?
False
Does 289 divide 5789826?
True
Is 168260 a multiple of 10?
True
Does 2 divide 726838?
True
Does 159 divide 67098?
True
Is 14 a factor of 130074?
True
Is 230173 a multiple of 389?
False
Is 927754 a multiple of 27?
False
Is 13 a factor of 10484110?
True
Does 5 divide 28802?
False
Is 1557432 a multiple of 446?
True
Is 26087451 a multiple of 535?
False
Does 8 divide 114800?
True
Does 38 divide 19912?
True
Is 4235868 a multiple of 546?
True
Is 6 a factor of 32316?
True
Is 508458 a multiple of 267?
False
Is 64 a factor of 81344?
True
Does 133 divide 24243?
False
Does 138 divide 27600?
True
Does 304 divide 85424?
True
Is 14132676 a multiple of 12?
True
Is 20 a factor of 78457?
False
Is 219 a factor of 14046441?
True
Is 5 a factor of 171435?
True
Is 118320 a multiple of 48?
True
Is 174 a factor of 2464779?
False
Is 463 a factor of 129044?
False
Is 1371750 a multiple of 75?
True
Does 8 divide 16172?
False
Does 10 divide 81210?
True
Is 4 a factor of 133439?
False
Does 669 divide 4445581?
False
Does 59 divide 8327?
False
Does 15 divide 178147?
False
Is 123323 a multiple of 32?
False
Is 309996 a multiple of 24?
False
Is 21 a factor of 43383?
False
Is 121397 a multiple of 16?
False
Does 385 divide 400015?
True
Is 5628 a multiple of 201?
True
Does 238 divide 4080034?
True
Is 3281129 a multiple of 38?
False
Is 29 a factor of 94015?
False
Is 64 a factor of 563968?
True
Is 1930721 a multiple of 13?
True
Is 234360 a multiple of 8?
True
Is 53 a factor of 4199561?
True
Is 891 a factor of 2619190?
False
Does 267 divide 256854?
True
Is 1451855 a multiple of 739?
False
Is 48 a factor of 1824288?
True
Is 4170890 a multiple of 14?
False
Is 159 a factor of 24399?
False
Is 1161185 a multiple of 115?
False
Is 438253 a multiple of 14?
False
Is 48 a factor of 212273?
False
Is 10 a factor of 86606?
False
Is 1439921 a multiple of 74?
False
Is 665 a factor of 929811?
False
Is 14 a factor of 1464609?
False
Does 62 divide 1407772?
True
Does 64 divide 85312?
True
Does 1985 divide 2750633?
False
Does 337 divide 14927430?
False
Does 11 divide 3486439?
True
Does 19 divide 76190?
True
Does 296 divide 4328635?
False
Is 1132 a multiple of 3?
False
Does 10 divide 1676783?
False
Is 232034 a multiple of 53?
True
Is 7 a factor of 3736285?
True
Is 6082 a multiple of 136?
False
Is 21240 a multiple of 12?
True
Does 57 divide 92625?
True
Does 248 divide 1189408?
True
Is 2003250 a multiple of 125?
True
Is 2248330 a multiple of 10?
True
Does 144 divide 328634?
False
Is 2343705 a multiple of 255?
True
Is 10 a factor of 314234?
False
Does 65 divide 1456562?
False
Does 1437 divide 2010084?
False
Is 13 a factor of 29483012?
True
Is 575862 even?
True
Does 107 divide 361176?
False
Does 38 divide 462612?
True
Is 40 a factor of 663120?
True
Is 18 a factor of 359766?
True
Is 32031 a multiple of 24?
False
Is 112322 a multiple of 14?
True
Does 8 divide 410025?
False
Is 625940 a multiple of 200?
False
Does 134 divide 213462?
True
Is 249274 a multiple of 60?
False
Does 32 divide 193036?
False
Is 348381 a multiple of 98?
False
Is 241475 a multiple of 65?
True
Does 208 divide 456341?
False
Is 13438950 a multiple of 1619?
False
Does 11 divide 1528645?
False
Is 264 a factor of 15654109?
False
Does 168 divide 18356856?
True
Does 3 divide 21501?
True
Is 13 a factor of 258595?
False
Is 117 a factor of 897664?
False
Is 699830 a mul